{"id":15,"date":"2025-07-09T15:59:17","date_gmt":"2025-07-09T15:59:17","guid":{"rendered":"http:\/\/bvtifgq.cluster100.hosting.ovh.net\/?page_id=15"},"modified":"2025-10-01T12:20:37","modified_gmt":"2025-10-01T12:20:37","slug":"la-structure-et-linfrastructure","status":"publish","type":"page","link":"https:\/\/jeannedarclaventie.fr\/index.php\/la-structure-et-linfrastructure\/","title":{"rendered":"La structure et l&rsquo;infrastructure de l&rsquo;\u00e9cole"},"content":{"rendered":"\n<h1 class=\"wp-block-heading has-text-align-center\">La structure et l&rsquo;infrastructure de l&rsquo;\u00e9cole<\/h1>\n\n\n\n<h4 class=\"wp-block-heading has-text-align-center\">LA STRUCTURE 2025-2026 :<\/h4>\n\n\n\n<hr class=\"wp-block-separator has-alpha-channel-opacity is-style-wide\"\/>\n\n\n\n<p class=\"has-text-align-center\">180 \u00e9l\u00e8ves r\u00e9partis dans 7 classes&nbsp;: TPS \/ PS \/ MS, MS\/GS, CP, CE1, CE2, CM1 et CM2<\/p>\n\n\n\n<h4 class=\"wp-block-heading has-text-align-center\">L&rsquo;INFRASTRUCTURE :<\/h4>\n\n\n\n<hr class=\"wp-block-separator has-alpha-channel-opacity is-style-wide\"\/>\n\n\n\n<p class=\"has-text-align-center\">L&rsquo;\u00e9cole est constitu\u00e9e de 3 b\u00e2timents.<\/p>\n\n\n\n<h4 class=\"wp-block-heading has-text-align-center\">Le b\u00e2timent principal<\/h4>\n\n\n\n<ul class=\"wp-block-list\">\n<li><strong>Rez de chauss\u00e9e :<\/strong>\u00a0le bureau de la direction, la cantine des \u00e9l\u00e9mentaires, la cantine des maternelles, 2 classes de maternelle, les toilettes des maternelles, la salle des professeurs, salle de sieste<\/li>\n\n\n\n<li><strong>1er \u00e9tage :<\/strong>\u00a0la salle d\u2019informatique et la salle d\u2019anglais<\/li>\n<\/ul>\n\n\n\n<h4 class=\"wp-block-heading has-text-align-center\">Les b\u00e2timents secondaires<\/h4>\n\n\n\n<ul class=\"wp-block-list\">\n<li><strong>1er b\u00e2timent :<\/strong>\u00a0les classes de CP, CE1 et CM1<\/li>\n\n\n\n<li><strong>2nd b\u00e2timent :<\/strong>\u00a0les classes de CE2 et de CM2 ainsi que la salle d\u2019anglais des GS et CP<\/li>\n<\/ul>\n\n\n\n<hr class=\"wp-block-separator has-alpha-channel-opacity\"\/>\n\n\n\n<h4 class=\"wp-block-heading has-text-align-center\">LES INSTALLATIONS DU CENTRE SCOLAIRE :<\/h4>\n\n\n\n<p class=\"has-text-align-center\">Les \u00e9l\u00e8ves de CM1 et de CM2 se rendent r\u00e9guli\u00e8rement au coll\u00e8ge situ\u00e9 \u00e0 500 m\u00e8tres de l\u2019\u00e9cole afin<br>de participer aux diff\u00e9rents projets annuels tels le cross, la journ\u00e9e d\u2019int\u00e9gration, le nouvel an chinois ou encore la com\u00e9die musicale.<\/p>\n\n\n\n<hr class=\"wp-block-separator has-alpha-channel-opacity\"\/>\n\n\n\n<h4 class=\"wp-block-heading has-text-align-center\">LES INSTALLATIONS MUNICIPALES :<\/h4>\n\n\n\n<hr class=\"wp-block-separator has-alpha-channel-opacity\"\/>\n\n\n\n<p>Les \u00e9l\u00e8ves peuvent utiliser tout au long de l&rsquo;ann\u00e9e les diff\u00e9rentes installations municipales : la salle des sports, le terrain de foot en herbe, le terrain de foot synth\u00e9tique, la piste d&rsquo;athl\u00e9tisme, la base de loisirs, le dojo et la salle des f\u00eates. Les \u00e9l\u00e8ves de CE1 et CM1 pratiquent la natation \u00e0 la piscine d&rsquo;Estaires.<\/p>\n\n\n\n<hr class=\"wp-block-separator has-alpha-channel-opacity\"\/>\n\n\n\n<h4 class=\"wp-block-heading has-text-align-center\">LA PISCINE<\/h4>\n\n\n\n<p class=\"has-text-align-center\">Les \u00e9l\u00e8ves du CE1 au CM2 pratiquent la natation \u00e0 la piscine d\u2019Estaires.<\/p>\n\n\n\n<div class=\"wp-block-group is-content-justification-center is-nowrap is-layout-flex wp-container-core-group-is-layout-23441af8 wp-block-group-is-layout-flex\">\n<div class=\"wp-block-buttons has-custom-font-size has-luminous-vivid-amber-background-color has-background has-small-font-size is-content-justification-center is-layout-flex wp-container-core-buttons-is-layout-7d09e852 wp-block-buttons-is-layout-flex\" style=\"padding-right:0;padding-left:0\">\n<div class=\"wp-block-button\"><a class=\"wp-block-button__link has-luminous-vivid-amber-background-color has-background wp-element-button\" href=\"https:\/\/www.londine-flandrelys.fr\/\">ESTAIRES &#8211; L&rsquo;ONDINE<\/a><\/div>\n<\/div>\n<\/div>\n\n\n\n<p><\/p>\n","protected":false},"excerpt":{"rendered":"<p>La structure et l&rsquo;infrastructure de l&rsquo;\u00e9cole LA STRUCTURE 2025-2026 : 180 \u00e9l\u00e8ves r\u00e9partis dans 7 classes&nbsp;: TPS \/ PS \/ MS, MS\/GS, CP, CE1, CE2, CM1 et CM2 L&rsquo;INFRASTRUCTURE : L&rsquo;\u00e9cole est constitu\u00e9e de 3 b\u00e2timents. Le b\u00e2timent principal Les b\u00e2timents secondaires LES INSTALLATIONS DU CENTRE SCOLAIRE : Les \u00e9l\u00e8ves de CM1 et de CM2 [&hellip;]<\/p>\n","protected":false},"author":1,"featured_media":0,"parent":0,"menu_order":0,"comment_status":"closed","ping_status":"closed","template":"","meta":{"footnotes":""},"class_list":["post-15","page","type-page","status-publish","hentry"],"blocksy_meta":[],"_links":{"self":[{"href":"https:\/\/jeannedarclaventie.fr\/index.php\/wp-json\/wp\/v2\/pages\/15","targetHints":{"allow":["GET"]}}],"collection":[{"href":"https:\/\/jeannedarclaventie.fr\/index.php\/wp-json\/wp\/v2\/pages"}],"about":[{"href":"https:\/\/jeannedarclaventie.fr\/index.php\/wp-json\/wp\/v2\/types\/page"}],"author":[{"embeddable":true,"href":"https:\/\/jeannedarclaventie.fr\/index.php\/wp-json\/wp\/v2\/users\/1"}],"replies":[{"embeddable":true,"href":"https:\/\/jeannedarclaventie.fr\/index.php\/wp-json\/wp\/v2\/comments?post=15"}],"version-history":[{"count":9,"href":"https:\/\/jeannedarclaventie.fr\/index.php\/wp-json\/wp\/v2\/pages\/15\/revisions"}],"predecessor-version":[{"id":365,"href":"https:\/\/jeannedarclaventie.fr\/index.php\/wp-json\/wp\/v2\/pages\/15\/revisions\/365"}],"wp:attachment":[{"href":"https:\/\/jeannedarclaventie.fr\/index.php\/wp-json\/wp\/v2\/media?parent=15"}],"curies":[{"name":"wp","href":"https:\/\/api.w.org\/{rel}","templated":true}]}}