{"id":17,"date":"2025-07-09T15:59:58","date_gmt":"2025-07-09T15:59:58","guid":{"rendered":"http:\/\/bvtifgq.cluster100.hosting.ovh.net\/?page_id=17"},"modified":"2026-03-24T11:30:30","modified_gmt":"2026-03-24T11:30:30","slug":"lequipe-educative-college-2","status":"publish","type":"page","link":"https:\/\/jeannedarclaventie.fr\/index.php\/lequipe-educative-college-2\/","title":{"rendered":"L\u2019\u00e9quipe \u00e9ducative du coll\u00e8ge"},"content":{"rendered":"\n<h1 class=\"wp-block-heading\">L\u2019\u00e9quipe \u00e9ducative du coll\u00e8ge<\/h1>\n\n\n\n<div class=\"wp-block-columns is-layout-flex wp-container-core-columns-is-layout-28f84493 wp-block-columns-is-layout-flex\">\n<div class=\"wp-block-column has-palette-color-5-background-color has-background is-layout-flow wp-block-column-is-layout-flow\" style=\"padding-top:var(--wp--preset--spacing--30);padding-right:var(--wp--preset--spacing--30);padding-bottom:var(--wp--preset--spacing--30);padding-left:var(--wp--preset--spacing--30)\">\n<h2 class=\"wp-block-heading\">La direction<\/h2>\n\n\n\n<div class=\"wp-block-columns is-layout-flex wp-container-core-columns-is-layout-f3e73c6b wp-block-columns-is-layout-flex\" style=\"padding-top:var(--wp--preset--spacing--30);padding-right:var(--wp--preset--spacing--30);padding-bottom:var(--wp--preset--spacing--30);padding-left:var(--wp--preset--spacing--30)\">\n<div class=\"wp-block-column is-layout-flow wp-block-column-is-layout-flow\" style=\"flex-basis:100%\">\n<div class=\"wp-block-group is-layout-constrained wp-block-group-is-layout-constrained\">\n<figure class=\"wp-block-table\"><table class=\"has-border-color has-black-border-color has-fixed-layout\" style=\"border-width:1px\"><tbody><tr><td><strong>Le directeur<\/strong><\/td><td>Monsieur AUDRERIE<br><a href=\"mailto:direction.college@sja-laventie.fr\">direction.college@sja-laventie.fr<\/a><\/td><\/tr><tr><td><strong>La comptable<\/strong><\/td><td>Madame LESIGNE<br><a href=\"mailto:comptabilite@sja-laventie.fr\">comptabilite@sja-laventie.fr<\/a><\/td><\/tr><tr><td><strong>La secr\u00e9taire<\/strong><\/td><td>Madame LEMAIRE<br><a href=\"mailto:secretariat@sja-laventie.fr\">secretariat@sja-laventie.fr<\/a><\/td><\/tr><\/tbody><\/table><\/figure>\n<\/div>\n<\/div>\n<\/div>\n<\/div>\n<\/div>\n\n\n\n<div class=\"wp-block-columns is-layout-flex wp-container-core-columns-is-layout-28f84493 wp-block-columns-is-layout-flex\">\n<div class=\"wp-block-column has-palette-color-5-background-color has-background is-layout-flow wp-block-column-is-layout-flow\" style=\"padding-top:var(--wp--preset--spacing--30);padding-right:var(--wp--preset--spacing--30);padding-bottom:var(--wp--preset--spacing--30);padding-left:var(--wp--preset--spacing--30)\">\n<h2 class=\"wp-block-heading\">Les enseignants<\/h2>\n\n\n\n<div class=\"wp-block-group is-layout-constrained wp-block-group-is-layout-constrained\">\n<figure class=\"wp-block-table is-style-regular\" style=\"padding-top:var(--wp--preset--spacing--30);padding-right:var(--wp--preset--spacing--30);padding-bottom:var(--wp--preset--spacing--30);padding-left:var(--wp--preset--spacing--30)\"><table class=\"has-border-color has-black-border-color has-fixed-layout\" style=\"border-width:1px\"><tbody><tr><td><strong>Professeurs de Fran\u00e7ais<\/strong><\/td><td>Mme GLAUSO<br>Mme PIRES<br>Mr MESTDAGH<br>Mr AUDRERIE<\/td><\/tr><tr><td><strong>Professeurs de Math\u00e9matiques<\/strong><\/td><td>Mme OVART<br>Mme DUPAS<\/td><\/tr><tr><td><strong>Professeurs d&rsquo;Histoire\/G\u00e9ographie<\/strong><\/td><td>Mme ENGLOO<br>Mr JAULT<\/td><\/tr><tr><td><strong>Professeurs d&rsquo;Anglais<\/strong><\/td><td>Mme GERMAIN<br>Mr PROTIN<br>Mme BAILLY<\/td><\/tr><tr><td><strong>Professeur de SVT<\/strong><\/td><td>Mme RYCKELYNCK<\/td><\/tr><tr><td><strong>Professeur de Sciences Physiques<\/strong><\/td><td>Mme JOLY<\/td><\/tr><tr><td><strong>Professeurs d&rsquo;Espagnol<\/strong><\/td><td>Mme RANO<br>Mr EL MOUDDEN<\/td><\/tr><tr><td><strong>Professeur d&rsquo;Allemand<\/strong><\/td><td>Mme DERACHE<\/td><\/tr><tr><td><strong>Professeurs d&rsquo;EPS<\/strong><\/td><td>Mr COUCHY<br>Mr CACHEUX<\/td><\/tr><tr><td><strong>Professeur de Latin<\/strong><\/td><td>Mr MESTDAGH<\/td><\/tr><tr><td><strong>Professeur d&rsquo;Arts<\/strong><\/td><td>Mme GUFFROY<\/td><\/tr><tr><td><strong>Professeur d&rsquo;Education Musicale<\/strong><\/td><td>Mme DELEU<\/td><\/tr><tr><td><strong>Professeur de Technologie<\/strong><\/td><td>Mr LEPERS<\/td><\/tr><tr><td><strong>Professeur de Chinois<\/strong><\/td><td>Mme HUANG<\/td><\/tr><tr><td><strong>Documentaliste<\/strong><\/td><td>Mme CATTEZ<\/td><\/tr><tr><td><strong>Professeur De<\/strong> <strong>Pastorale<\/strong><\/td><td>Mme PONTHIEU<\/td><\/tr><\/tbody><\/table><\/figure>\n<\/div>\n<\/div>\n<\/div>\n\n\n\n<div class=\"wp-block-columns is-layout-flex wp-container-core-columns-is-layout-28f84493 wp-block-columns-is-layout-flex\">\n<div class=\"wp-block-column has-palette-color-5-background-color has-background is-layout-flow wp-block-column-is-layout-flow\" style=\"padding-top:0;padding-right:0;padding-bottom:0;padding-left:0\">\n<h2 class=\"wp-block-heading\" style=\"padding-top:var(--wp--preset--spacing--30);padding-right:var(--wp--preset--spacing--30);padding-bottom:var(--wp--preset--spacing--30);padding-left:var(--wp--preset--spacing--30)\">Autre personnel<\/h2>\n\n\n\n<figure style=\"padding-top:var(--wp--preset--spacing--30);padding-right:var(--wp--preset--spacing--30);padding-bottom:var(--wp--preset--spacing--30);padding-left:var(--wp--preset--spacing--30)\" class=\"wp-block-table\"><table class=\"has-palette-color-5-background-color has-background has-border-color has-black-border-color has-fixed-layout\" style=\"border-width:1px\"><tbody><tr><td><strong>Vie Scolaire<\/strong><\/td><td>Mme BAYART<br><a href=\"mailto:viescolaire@sja-laventie.fr\">viescolaire@sja-laventie.fr<\/a><\/td><\/tr><tr><td><strong>Surveillant<\/strong><\/td><td>Mr LAMBOIS<\/td><\/tr><tr><td><strong>Personnel de maintenance<\/strong><\/td><td>Mr HU<\/td><\/tr><tr><td><strong>Chef Cuisinier<\/strong><\/td><td>Gwena\u00ebl<\/td><\/tr><\/tbody><\/table><\/figure>\n<\/div>\n<\/div>\n\n\n\n<p><\/p>\n","protected":false},"excerpt":{"rendered":"<p>L\u2019\u00e9quipe \u00e9ducative du coll\u00e8ge La direction Le directeur Monsieur AUDRERIEdirection.college@sja-laventie.fr La comptable Madame LESIGNEcomptabilite@sja-laventie.fr La secr\u00e9taire Madame LEMAIREsecretariat@sja-laventie.fr Les enseignants Professeurs de Fran\u00e7ais Mme GLAUSOMme PIRESMr MESTDAGHMr AUDRERIE Professeurs de Math\u00e9matiques Mme OVARTMme DUPAS Professeurs d&rsquo;Histoire\/G\u00e9ographie Mme ENGLOOMr JAULT Professeurs d&rsquo;Anglais Mme GERMAINMr PROTINMme BAILLY Professeur de SVT Mme RYCKELYNCK Professeur de Sciences Physiques Mme [&hellip;]<\/p>\n","protected":false},"author":1,"featured_media":0,"parent":0,"menu_order":0,"comment_status":"closed","ping_status":"closed","template":"","meta":{"footnotes":""},"class_list":["post-17","page","type-page","status-publish","hentry"],"blocksy_meta":[],"_links":{"self":[{"href":"https:\/\/jeannedarclaventie.fr\/index.php\/wp-json\/wp\/v2\/pages\/17","targetHints":{"allow":["GET"]}}],"collection":[{"href":"https:\/\/jeannedarclaventie.fr\/index.php\/wp-json\/wp\/v2\/pages"}],"about":[{"href":"https:\/\/jeannedarclaventie.fr\/index.php\/wp-json\/wp\/v2\/types\/page"}],"author":[{"embeddable":true,"href":"https:\/\/jeannedarclaventie.fr\/index.php\/wp-json\/wp\/v2\/users\/1"}],"replies":[{"embeddable":true,"href":"https:\/\/jeannedarclaventie.fr\/index.php\/wp-json\/wp\/v2\/comments?post=17"}],"version-history":[{"count":15,"href":"https:\/\/jeannedarclaventie.fr\/index.php\/wp-json\/wp\/v2\/pages\/17\/revisions"}],"predecessor-version":[{"id":397,"href":"https:\/\/jeannedarclaventie.fr\/index.php\/wp-json\/wp\/v2\/pages\/17\/revisions\/397"}],"wp:attachment":[{"href":"https:\/\/jeannedarclaventie.fr\/index.php\/wp-json\/wp\/v2\/media?parent=17"}],"curies":[{"name":"wp","href":"https:\/\/api.w.org\/{rel}","templated":true}]}}